{"id":85,"date":"2015-04-08T19:17:31","date_gmt":"2015-04-08T19:17:31","guid":{"rendered":"http:\/\/www.patrickangelli.at\/?page_id=85"},"modified":"2015-04-08T19:26:51","modified_gmt":"2015-04-08T19:26:51","slug":"impressum","status":"publish","type":"page","link":"http:\/\/www.patrickangelli.at\/?page_id=85","title":{"rendered":"Impressum"},"content":{"rendered":"<p><strong>Haftungsbeschr\u00e4nkung<\/strong><br \/>\nTrotz sorgf\u00e4ltiger inhaltlicher Kontrolle \u00fcbernehmen wir keine Haftung f\u00fcr die Inhalte externer Links. F\u00fcr den Inhalt der verlinkten Seiten sind ausschlie\u00dflich deren Betreiber verantwortlich.<\/p>\n<p><strong>Bildnachweise<\/strong><br \/>\nDie Bildrechte der verwendeten Fotos sind grunds\u00e4tzlich im Besitz\u00a0des Urhebers (nach \u00a7 13 UrhG), und d\u00fcrfen ohne ausdr\u00fcckliche Zustimmung des Domaininhabers NICHT kopiert, ver\u00e4ndert oder anderw\u00e4rtige genutzt oder verarbeitet werden. Ausgenommen sind Fotos, die ausdr\u00fccklich zum Download angeboten werden, wobei die Nennung der Urheber\/Bildautoren zu nennen sind. Ver\u00f6ffentlichungsrechte gehen durch die entsprechenden Abgeltungen an die Urheber f\u00fcr den jeweilig einzelnen Zweck an den Ver\u00f6ffentlicher einmalig \u00fcber.<\/p>\n<p><strong>Datenschutz<\/strong><br \/>\nDurch den Besuch des Internetauftritts k\u00f6nnen Informationen (Datum, Uhrzeit, aufgerufene Seite) \u00fcber den Zugriff auf dem Server gespeichert werden. Es werden keine personenbezogenenen Daten, gespeichert.<\/p>\n","protected":false},"excerpt":{"rendered":"<p>Haftungsbeschr\u00e4nkung Trotz sorgf\u00e4ltiger inhaltlicher Kontrolle \u00fcbernehmen wir keine Haftung f\u00fcr die Inhalte externer Links. F\u00fcr den Inhalt der verlinkten Seiten sind ausschlie\u00dflich deren Betreiber verantwortlich. Bildnachweise Die Bildrechte der verwendeten Fotos sind grunds\u00e4tzlich im Besitz\u00a0des Urhebers (nach \u00a7 13 UrhG), und d\u00fcrfen ohne ausdr\u00fcckliche Zustimmung des Domaininhabers NICHT kopiert, ver\u00e4ndert oder anderw\u00e4rtige genutzt oder verarbeitet [&hellip;]<\/p>\n","protected":false},"author":1,"featured_media":0,"parent":0,"menu_order":0,"comment_status":"closed","ping_status":"closed","template":"","meta":[],"_links":{"self":[{"href":"http:\/\/www.patrickangelli.at\/index.php?rest_route=\/wp\/v2\/pages\/85"}],"collection":[{"href":"http:\/\/www.patrickangelli.at\/index.php?rest_route=\/wp\/v2\/pages"}],"about":[{"href":"http:\/\/www.patrickangelli.at\/index.php?rest_route=\/wp\/v2\/types\/page"}],"author":[{"embeddable":true,"href":"http:\/\/www.patrickangelli.at\/index.php?rest_route=\/wp\/v2\/users\/1"}],"replies":[{"embeddable":true,"href":"http:\/\/www.patrickangelli.at\/index.php?rest_route=%2Fwp%2Fv2%2Fcomments&post=85"}],"version-history":[{"count":4,"href":"http:\/\/www.patrickangelli.at\/index.php?rest_route=\/wp\/v2\/pages\/85\/revisions"}],"predecessor-version":[{"id":90,"href":"http:\/\/www.patrickangelli.at\/index.php?rest_route=\/wp\/v2\/pages\/85\/revisions\/90"}],"wp:attachment":[{"href":"http:\/\/www.patrickangelli.at\/index.php?rest_route=%2Fwp%2Fv2%2Fmedia&parent=85"}],"curies":[{"name":"wp","href":"https:\/\/api.w.org\/{rel}","templated":true}]}}